 7*q + 13. Let c(o) = 4*o**2 - 26*o + 35. Let l be c(5). Give j(l).
3
Let q(b) be the second derivative of b**3/6 + 5*b**2/2 - 13*b. Suppose 5*o - 20 = o. Determine q(o).
10
Let j = 12 + -10. Let d be (-67)/(-13) + j/(-13). Let t(v) = 159*v - 5 + 4*v**2 + 1 + v**2 - v**3 - 155*v. Determine t(d).
16
Let n(v) be the first derivative of v**3/3 + 11*v**2/2 - 9*v + 52. What is n(-11)?
-9
Let q(a) = -5*a**3 - 23*a**2 - 5*a - 29. Let h(b) = b**3 + b**2 - 2*b + 1. Let l(t) = -6*h(t) - q(t). Calculate l(18).
5
Suppose -3*c + 3*v = 2*c - 115, 3*c - v - 69 = 0. Let s(r) = 20*r**2 - r**3 + 6 - c*r**2 + 4*r + r. Determine s(-4).
2
Suppose -4*g = -b - 4*b - 31, 2*b - g + 10 = 0. Let m(d) = -d - 4. Calculate m(b).
-1
Let w = 259 - 268. Let y(k) = -k**3 - 8*k**2 + 10*k + 10. Calculate y(w).
1
Let q(k) = -k**3 + 10*k**2 - 2*k - 6. Let t be (3/(-6) + 351/(-18))/(-2). Calculate q(t).
-26
Let g(t) = 14*t**3 - 3*t - 3*t**2 + 2*t + 4*t**2. Let l(q) = 3*q - 29. Let n(u) = u**3 + 4*u**2 - u + 6. Let s be n(-4). Let x be l(s). Give g(x).
14
Let d(h) = 22*h**3 - h. Let p(b) = b**3 + 12*b**2 - b - 7. Let l be p(-12). Suppose 11 = -l*c + 1, -5*n + 5*c + 15 = 0. Determine d(n).
21
Suppose 0 = f + 2319 - 2302. Let r(z) = 2*z**2 + 34*z - 5. Determine r(f).
-5
Let i(l) = 10*l**2 - 4*l - 10. Let q(f) = -8*f**2 + 4*f + 9. Let w(j) = -3*i(j) - 4*q(j). Determine w(4).
10
Let o be 1/4 + (-10)/8. Suppose 3*a - 8 = -a. Let k(i) = -5*i + i + 1 - a. Calculate k(o).
3
Let u(y) be the second derivative of y**5/20 - y**4/2 - 7*y**3/6 + 2*y**2 - 91*y. What is u(7)?
4
Let b(s) = -s**2 + s - 13. Let c = -45 - -66. Let n = c - 17. Suppose -n*t = t. Calculate b(t).
-13
Suppose -49 = -3*p - r + 32, 4*p = -2*r + 108. Suppose -3*n + p - 6 = 0. Let a(s) = s - s**2 - 2*s + 0*s + n. Calculate a(0).
7
Let y(g) = g**3 + 2*g + 8. Let m be y(0). Suppose -2*r + 4*r - 5*n - 30 = 0, r + n = 1. Let l(w) = -m*w**2 - w + 7*w**2 - r*w. Determine l(-5).
5
Let y(r) = -r**3 - 4*r**2 + r. Suppose -2*z + 9 = -2*v - 3, 2*z - v - 12 = 0. Let b = 2 - z. Let g be 4/b - (1 - -2). Calculate y(g).
-4
Suppose -z - 8 = -5*z. Suppose 9 = u + z*u. Let w be (u + 1)*(-3)/(-6). Let c(t) = -t**2 + 3*t - 3. What is c(w)?
-1
Let v(g) be the second derivative of 7/2*g**2 - 7/6*g**3 + g + 0. Let d(o) = o + 1. Let p(q) = 6*d(q) - v(q). Calculate p(1).
12
Let y(n) = 2*n**2 + 4*n - 5. Suppose 3*u - 22 = -2*k, -4*u - k + 9 = -3*u. Let p be (-216)/45 - u/(-5). Determine y(p).
11
Let p be (-2)/(-4) - (-21)/6. Let d(c) = c**3 + 14*c**2 - 8*c**2 + c - p + c**2. Calculate d(-7).
-11
Let m(l) = -6*l**3 + 14*l**2 - 5*l - 28. Let t(u) = u**3 - u**2 + u + 3. Let i(c) = -m(c) - 7*t(c). What is i(-5)?
-33
Let a(p) = -p**2 + 9. Suppose z - 5*c - 19 = 0, 0*z - 5*c - 23 = 3*z. Let d(h) = -161*h**2. Let l be d(z). Let r be (-2)/(-7) - (-46)/l. Determine a(r).
9
Let j(u) = u**3 + 3*u**2 - 3*u - 2. Let z be (-15)/(1/(1 + -2)). Suppose 5*n + 0*n + z = 0. What is j(n)?
7
Let n(j) = 11*j - 257. Let z be n(23). Let l(r) = 2*r**3 + 5*r**2 + 3*r**3 - 2*r**3 + 5*r - 2*r**3. Give l(z).
-4
Let g(b) = 16*b + 3 + 7*b - 5*b - 16*b + 5. Give g(-3).
2
Let d(r) = 5*r - 14. Let n(v) = -4*v + 12. Let p(o) = 5*d(o) + 6*n(o). Calculate p(4).
6
Let c(z) = -17*z + 10. Let o(h) = -31*h + 21. Let d(u) = 11*c(u) - 6*o(u). What is d(-7)?
-9
Let g = 13 + -8. Suppose 0 = 3*j + g*p - 20, 2*j + 0*j + 5*p = 15. Let b(n) = -186*n + n**2 - 159*n - 2 + 340*n. Calculate b(j).
-2
Let y = -31 + 25. Let f(p) = -11*p**2 + 5*p - 6. Let k(b) = 10*b**2 - 4*b + 5. Let d(i) = y*k(i) - 5*f(i). Determine d(1).
-6
Suppose -s = 3*w + 18, 2*s + 31 = 8*w - 13*w. Let r(k) = -12*k - 10. Determine r(s).
26
Let k(s) = s**2. Suppose -q + 3*c - 6 = 0, q + 145*c - 147*c + 5 = 0. Calculate k(q).
9
Let a(f) be the second derivative of f**4/12 + f**3/3 + 7*f**2/2 - 22*f - 2. Calculate a(-5).
22
Suppose 5*p - 7 = -3*t - t, 0 = -3*t - 6. Suppose a + p*a + i - 25 = 0, -a + 5*i - 20 = 0. Let v(u) = 9*u**3 + a*u**3 + 8 + u**3 - 9. Give v(-1).
-16
Let t = 4 + -2. Suppose 10 = -2*n - 2*s, 2*n - t*s + s = -4. Let b(p) = p + 9. Let a(i) = -i - 10. Let w(y) = 4*a(y) + 5*b(y). Determine w(n).
2
Let d(u) be the second derivative of -u**7/840 + u**6/72 - u**5/120 - u**4/6 - 5*u**3/2 + 15*u. Let o(j) be the second derivative of d(j). Give o(4).
8
Let x(g) = g**3 + 13*g**2 + 10*g - 21. Let y be x(-12). Let c(h) = 2*h**2 - 3*h + 2. Determine c(y).
11
Let w(j) = 4*j - 10 - 25*j - 27 - 31. Let z be w(-3). Let y(g) be the first derivative of -g**3/3 - 3*g**2 - 5*g + 1. Determine y(z).
0
Let l = 274 - 272. Let t(k) = -5*k**3 + 3*k**2 - 4*k + 3. What is t(l)?
-33
Let j be 240/60*(-1)/2. Let k(h) be the third derivative of -h**4/8 + h**3/3 + 4*h**2. Give k(j).
8
Let i = -224 + 220. Let z(m) = -8*m - 2. Calculate z(i).
30
Let h(v) = -19*v**2 + 20*v. Let a(b) = 54*b**2 - 60*b. Let c(q) = 6*a(q) + 17*h(q). Give c(15).
-75
Let k(g) = 2210*g**2 + 3 + 4*g**3 - 1110*g**2 - 2 - 1102*g**2. Let r be 1/(-1 + 2 + -2). What is k(r)?
-5
Let w(o) = -66*o + 2 + 36*o + 29*o. Let u = 20 + -15. Suppose 4*j - 5*n - 4 = 0, -u*j = -2*j - 5*n + 2. Give w(j).
-4
Suppose -3*s - 2*h - 24 = -5*h, s - 5*h = -24. Let c(r) = r + 1. Let w(v) = -3*v - 3. Let d(i) = -5*c(i) - 2*w(i). Calculate d(s).
-3
Let c(z) = -z - 13. Let g be c(-15). Suppose 3 = -3*r - 4*f, -2*f - 10 = -g*r + 2. Let m(i) = -i**3 + 3*i**2 - i - 4. Calculate m(r).
-7
Let v(d) = -d**3 - 11*d**2 + 13*d + 12. Let f be v(-12). Suppose 0 = -f*x - x + 2. Suppose -x*o + 8 = 2. Let m(l) = l**3 - 3*l**2 + 2*l + 2. Determine m(o).
8
Let c(k) = -6*k - 2. Let q(s) = -4*s - 1. Let d(o) = 5*c(o) - 8*q(o). Let w be (-2)/(-12) - -965*9/54. Let m = 165 - w. Determine d(m).
6
Let t(s) = s**3 + 8*s**2 + s + 10. Let p be (34/(-51))/(2/(-15)) - 13. Calculate t(p).
2
Let z(f) = f**3 - 26*f**2 + 27*f - 56. Let y be z(25). Let a(h) = -h**3 + 6*h**2 + h - 1. Let o be a(6). Let q(x) = -x**2 - x - o*x - 6 - x. Determine q(y).
0
Suppose 10*a + 8 = 14*a. Let u(k) be the first derivative of a - 1/3*k**3 + 3*k + 3/2*k**2. Determine u(4).
-1
Let g(h) be the third derivative of h**5/15 + h**4/24 - h**3/3 - 5*h**2. Suppose -4*a = a. Suppose 2*c + 4 = -a*c. Give g(c).
12
Let v(d) = 2*d - 7. Let h be (52/(-3))/(30/(-45)). Let t = -24 + h. Suppose -3*z - 2 = -2*w - 3, -4*w + 18 = -t*z. Calculate v(w).
7
Let d(i) = 1808*i - 3611*i + 26 + 1810*i. Calculate d(-5).
-9
Let r(c) be the third derivative of c**5/30 - c**4/12 - c**3/6 - 2*c**2 - 36. Give r(3).
11
Let b(w) be the third derivative of w**5/60 + w**4/3 + 5*w**3/6 + 5*w**2. Let d be (13/(-39))/(2/(-24)). Let u be -1 - (0 + 1 + d). What is b(u)?
-7
Let h be (-3 + 15)*(-3)/(18/(-4)). Let s(x) = -2*x**2 + 15*x - 1. Determine s(h).
-9
Let o(z) be the first derivative of 3*z**2/2 - z - 23. Calculate o(7).
20
Let r = -20 - -12. Let o(s) = 0 - 10763*s**2 + 10762*s**2 - 7 - 10*s. Determine o(r).
9
Suppose -x + 20 = 4*x. Let j be ((-3)/(-2))/(3/x). Let a(b) = -6*b + 2 + 0 + b**j + 0*b**2 - b. What is a(5)?
-8
Let u(g) = -3 + 4 + 5 - 3 + 3*g + 0 + 2*g**3 - g**2. Give u(-2).
-23
Let o(w) be the third derivative of -w**5/15 + 5*w**4/8 + 454*w**2. What is o(4)?
-4
Let z(j) = 5*j - 13. Let o be 18/(-15)*10/(-3) + -1. What is z(o)?
2
Let b(h) = 2*h**2 - 2*h. Let c be (11/(-2))/((-5)/10). Let v = 15 - c. Let j be 3 + 0 - 0/v. Give b(j).
12
Let q(n) = n + 7. Suppose 5*y = 18 + 2. Suppose 0 = j - f + y + 2, 2*j = -4*f - 6. Calculate q(j).
2
Let v(r) = 7*r - 7. Let q(p) = -3*p + 3. Let g(t) = -5*q(t) - 2*v(t). Let z = 45 - 43. Give g(z).
1
Let p(g) = -g + 25. Let n(a) = -a**3 + 20*a**2 + 8*a - 149. Let k be n(20). Calculate p(k).
14
Let s be (5/2 - 1)/((-8)/16). Let k(x) = -x**2 - x - 1. Let c(w) = w**2 + w - 1. Let l(m) = -2*c(m) - k(m). Determine l(s).
-3
Let p = 4 + -9. Let l(q) = 3*q - 5. Suppose -3*m - 2*u + 22 = 0, 22 = 2*m - 0*m + 5*u. Let b(w) = -2*w + 5. Let a(o) = m*b(o) + 5*l(o). Give a(p).
-10
Let a(s) be the first derivative of 4*s - 121 + 0*s + 5*s + 138 - s**2. What is a(6)?
-3
Let t(c) = 1 + 0*c**3 - c**3 - 6*c**3. Let r be t(-1). Let g(q) = 5 + 1180*q + 1 - 1181*q. What is g(r)?
-2
Let r = 291 + -273. Let c(v) = v - 8. Calculate c(r).
10
Let d(b) be the third derivative of 1/120*b**6 + 0 + 1/8*b**4 + 1/10*b**5 + 0*b + 3/2*b**3 + 38*b**2. Calculate d(-6).
-9
Let z(v) = -v**2 